0 and 10860.
60
What is the highest common divisor of 20575152 and 689?
13
Calculate the highest common factor of 1387076 and 1444.
76
Calculate the greatest common factor of 1449 and 2889306.
1449
Calculate the highest common factor of 711 and 5537031.
237
What is the highest common factor of 301614 and 15606?
102
Calculate the greatest common factor of 4464 and 33544.
8
Calculate the highest common divisor of 2153176 and 104.
8
Calculate the greatest common divisor of 666 and 14429106.
18
Calculate the highest common factor of 2900 and 424415.
145
What is the greatest common divisor of 728 and 4506957?
91
What is the highest common factor of 2 and 460018?
2
Calculate the highest common factor of 111 and 4427827.
37
Calculate the highest common factor of 4154981 and 779.
41
What is the greatest common factor of 904481452 and 421?
421
Calculate the greatest common factor of 6001 and 319925312.
6001
Calculate the greatest common factor of 3589947 and 432.
27
Calculate the highest common divisor of 78680532 and 756.
84
Calculate the highest common factor of 10263 and 64377.
933
Calculate the greatest common factor of 78883935 and 715.
65
What is the greatest common divisor of 26 and 63012742?
26
What is the highest common divisor of 551 and 2548584931?
551
What is the highest common divisor of 4383448 and 456548?
1468
What is the greatest common factor of 4258686 and 34858?
1202
What is the greatest common factor of 1020 and 69371985?
255
What is the highest common divisor of 383621 and 5754?
7
Calculate the greatest common divisor of 4402 and 80848.
62
Calculate the greatest common factor of 85519844 and 12352.
772
Calculate the greatest common factor of 1743340 and 10720.
1340
What is the highest common factor of 49224 and 576?
24
What is the greatest common factor of 2668 and 107192236?
2668
Calculate the greatest common factor of 7737924 and 7968.
996
Calculate the highest common factor of 8616 and 8526408.
24
Calculate the greatest common factor of 370 and 51599978.
74
Calculate the greatest common factor of 338016 and 9024.
96
What is the highest common divisor of 117684 and 3168?
36
Calculate the greatest common factor of 3744421 and 5235.
349
What is the greatest common factor of 3744 and 16181904?
48
What is the highest common divisor of 23021523 and 2646?
1323
What is the highest common factor of 24072651 and 414?
207
What is the highest common factor of 618300 and 87707?
229
Calculate the highest common factor of 660062408 and 11320.
2264
Calculate the highest common factor of 201590 and 856710.
190
What is the highest common factor of 116509 and 7101?
263
Calculate the greatest common divisor of 21384122 and 53.
53
What is the highest common factor of 1954 and 75876751?
977
Calculate the highest common factor of 532 and 515097676.
76
Calculate the greatest common divisor of 43153 and 31405.
11
What is the highest common divisor of 292471111 and 51?
17
What is the highest common divisor of 54985 and 145835?
5
Calculate the highest common factor of 6755694 and 1584.
66
What is the greatest common divisor of 20859 and 554604?
1227
What is the greatest common factor of 8580 and 25276020?
660
What is the greatest common factor of 81 and 3886235?
1
Calculate the highest common divisor of 14573 and 17441639.
1121
Calculate the greatest common divisor of 203 and 19986481.
29
Calculate the greatest common divisor of 378153096 and 8.
8
What is the greatest common factor of 72 and 259689?
3
What is the highest common factor of 30345 and 16629774?
357
Calculate the highest common divisor of 587 and 6690626.
587
What is the highest common divisor of 632 and 272045822?
158
Calculate the greatest common factor of 2523 and 539661.
87
What is the highest common divisor of 45224635 and 2279?
53
Calculate the highest common factor of 7532244 and 97.
97
What is the highest common factor of 11394 and 8698264?
422
What is the greatest common divisor of 30 and 227718370?
10
Calculate the highest common divisor of 4324532 and 2.
2
Calculate the greatest common factor of 3135 and 80426335.
1045
Calculate the greatest common divisor of 9546 and 7818.
6
Calculate the highest common divisor of 1192 and 307616.
8
What is the greatest common factor of 23097888 and 72?
72
What is the greatest common divisor of 153252 and 621324?
1188
Calculate the greatest common factor of 1859 and 48536969.
169
Calculate the highest common factor of 203741264 and 2514.
838
What is the highest common divisor of 149953668 and 204?
204
Calculate the highest common divisor of 176686 and 1776911.
529
What is the highest common divisor of 322200 and 666?
18
Calculate the greatest common factor of 15000725 and 85100.
925
What is the greatest common divisor of 1799609375 and 4607?
4607
What is the highest common divisor of 1229566 and 217984?
3406
What is the greatest common divisor of 10914 and 429498?
642
What is the highest common divisor of 242372 and 544468?
316
What is the highest common factor of 8374712 and 248?
248
Calculate the highest common factor of 126 and 1124694.
18
Calculate the highest common divisor of 28142477 and 361.
361
What is the greatest common divisor of 4103 and 21300165?
373
What is the highest common factor of 30 and 8994408?
6
What is the highest common divisor of 83370 and 419160?
210
What is the highest common factor of 118483074 and 11178?
3726
What is the greatest common factor of 367032 and 40344?
984
What is the highest common divisor of 14552336 and 64?
16
Calculate the greatest common divisor of 10407446 and 75719.
2611
Calculate the highest common factor of 8330193 and 9.
9
Calculate the highest common factor of 148 and 1011765592.
148
What is the highest common divisor of 1575 and 8654535?
45
Calculate the highest common factor of 148212 and 318228.
276
What is the greatest common factor of 19631517 and 9132?
2283
Calculate the greatest common factor of 32046 and 17623338.
654
Calculate the greatest common divisor of 610038 and 73443942.
7722
Calculate the greatest common factor of 1332 and 1801947582.
666
Calculate the highest common factor of 1658330 and 40.
10
What is the greatest common divisor of 1794553 and 2373?
113
Calculate the greatest common factor of 585 and 1348776.
117
What is the highest common divisor of 1275 and 14756510?
85
What is the greatest common factor of 6643679 and 13433?
707
What is the greatest common divisor of 9312 and 4947582?
582
Calculate the highest common divisor of 542209 and 7479173.
4139
Calculate the greatest common divisor of 27552 and 16309664.
224
Calculate the greatest common divisor of 42938 and 700.
14
What is the highest common divisor of 95940737 and 1489?
1489
Calculate the highest common factor of 558103 and 574.
7
What is the greatest common divisor of 87584 and 127949?
23
Calculate the greatest common divisor of 20 and 430364.
4
What is the greatest common divisor of 51 and 453459?
3
Calculate the highest common divisor of 84565 and 14495.
65
What is the highest common divisor of 1259724 and 200688?
1356
Calculate the greatest common divisor of 31544470 and 6881.
983
What is the highest common divisor of 13649437 and 1052?
263
What is the greatest common divisor of 1162 and 77552461?
581
Calculate the highest common factor of 8174195 and 221.
17
Calculate the greatest common factor of 60391 and 82399.
131
Calculate the highest common divisor of 125561 and 484009.
521
Calculate the greatest common factor of 436931517 and 22.
11
Calculate the greatest common factor of 681100 and 862750.
350
Calculate the highest common divisor of 6180 and 289.
1
Calculate the greatest common factor of 7187682 and 24.
6
Calculate the greatest common divisor of 149110 and 1578124.
74
Calculate the highest common divisor of 5328665 and 140.
5
Calculate the greatest common factor of 147 and 28991487.
147
Calculate the highest common factor of 3294 and 11385414.
54
What is the highest common divisor of 3110 and 27770745?
1555
What is the highest common divisor of 5571102 and 7032?
1758
What is the highest common factor of 186560 and 37524?
212
What is the highest common divisor of 23752896 and 128?
64
Calculate the greatest common factor of 1993524 and 53404.
676
Calculate the greatest common factor of 7780845 and 3